. What is u(21)?
-1
Let p(l) = 2625*l - 8986. Determine p(3).
-1111
Let r(x) = 28*x**2 + 307*x + 769. Determine r(-4).
-11
Let b(z) = z**3 + 465*z**2 + 5853*z - 10320. Determine b(-452).
76
Let l(i) = 2629*i - 486429. Calculate l(185).
-64
Let s(l) = 69*l + 572. What is s(24)?
2228
Let c(n) = -55716*n - 1392888. Give c(-25).
12
Let p(k) = -2*k**3 - 409*k**2 + 620*k + 881. Calculate p(-206).
469
Let c(s) = 4*s**3 - 2505*s**2 + 3139*s - 8736. What is c(625)?
14
Let a(v) = v**2 - 50*v - 982. Calculate a(-16).
74
Let b(h) = 613*h - 3850. What is b(7)?
441
Let l(a) = -4*a**3 + 92*a**2 - 3840*a + 88318. What is l(23)?
-2
Let s(r) = 2*r**3 - 49*r**2 + 279*r - 7607. Give s(25).
-7
Let r(s) = -s**3 + 12*s**2 - 28*s + 712. Give r(15).
-383
Let y(k) = k**3 + 17*k**2 - 138*k - 831. What is y(-12)?
1545
Let m(a) = 11*a**3 + 214*a**2 + 1020*a - 37. Give m(-11).
-4
Let b(x) = 290571*x - 3777419. What is b(13)?
4
Let x(y) = -85*y**3 - 3*y**2 + 144*y - 272. Determine x(2).
-676
Let o(x) = 2*x**3 + 22*x**2 + 719*x + 6152. What is o(-9)?
5
Let y(s) = 2148*s + 165403. Calculate y(-77).
7
Let a(z) = -11216*z + 235607. Determine a(21).
71
Let b(p) = -4*p**3 - 76*p**2 + 33*p + 73. Calculate b(-19).
-554
Let b(w) = 5109*w - 40892. Give b(8).
-20
Let r(c) = 1157*c**2 + 31241*c + 51. Calculate r(-27).
-3
Let f(a) = -32*a**3 - 2804*a**2 + 1057*a + 83. What is f(-88)?
-5
Let r(p) = p**3 + 86*p**2 + 1110*p - 197. Calculate r(-16).
-37
Let w(j) = -18382*j - 91759. What is w(-5)?
151
Let i(l) = -10*l**2 + 1209*l + 1308. Calculate i(122).
-34
Let n(g) = 1154*g**2 + 19*g + 25. Determine n(-1).
1160
Let k(z) = 8*z**2 - 239731*z - 479488. Determine k(-2).
6
Let g(u) = -4569*u + 2489. Calculate g(0).
2489
Let q(u) = 12*u**2 + 1120*u - 40167. Give q(-121).
5
Let g(w) = 16*w**2 - 5100*w + 402626. What is g(144)?
2
Let q(w) = -38505*w - 38515. Give q(-1).
-10
Let z(v) = 1490*v**3 + 30*v**2 + 35*v + 8. Calculate z(-1).
-1487
Let w(i) = 73524*i + 4779067. Determine w(-65).
7
Let c(h) = 95716*h - 2775817. What is c(29)?
-53
Let x(i) = 151*i - 1585. What is x(17)?
982
Let w(r) = 14917*r + 164704. Give w(-11).
617
Let g(w) = -w**3 + 8*w**2 + 11*w + 47. Determine g(14).
-975
Let z(n) = -n**2 - 4009*n + 248251. What is z(61)?
-19
Let l(j) = -j**2 - 3371*j - 36996. Determine l(-11).
-36
Let i(k) = 134*k + 1552. Determine i(-9).
346
Let u(j) = -8*j**2 + 379*j - 4157. Give u(30).
13
Let u(h) = -2*h**3 - 9*h**2 + 21*h + 218. Determine u(-7).
316
Let l(g) = 2*g**2 - 79*g - 401. Calculate l(44).
-5
Let t(s) = 103585*s + 207131. Determine t(-2).
-39
Let p(v) = 121*v**3 + 2798*v**2 + 342*v - 73. Calculate p(-23).
-4
Let y(z) = -86*z**2 + 220*z - 440. Determine y(2).
-344
Let r(g) = 56*g**2 + 1229*g - 86. What is r(-21)?
-1199
Let w(s) = 2768*s + 94115. Determine w(-34).
3
Let m(w) = 54*w + 6563. What is m(-123)?
-79
Let g(b) = -b**3 - 24*b**2 - 70*b + 322. Calculate g(-8).
-142
Let c(u) = 364*u + 5585. What is c(-17)?
-603
Let k(o) = -o**2 - 1847352*o - 11084072. Determine k(-6).
4
Let g(a) = -a**3 + 112*a**2 + 2929*a - 338. Determine g(-22).
80
Let n(p) = 5*p**2 + 1074*p - 39425. Determine n(32).
63
Let j(c) = -c**3 + 209*c**2 + 1741*c + 44. Calculate j(-8).
4
Let x(y) = -4*y**3 - 76*y**2 - 8*y - 204. Give x(-17).
-2380
Let a(x) = -x**2 - 211*x + 46397. Give a(134).
167
Let m(f) = 3239335*f + 35632685. Determine m(-11).
0
Let x(u) = 436*u**2 + 20*u + 81. Give x(-3).
3945
Let r(s) = -32*s**2 - 777*s + 8675. Determine r(11).
-3744
Let y(u) = -5291*u**3 - 28*u**2 - 28*u. What is y(-1)?
5291
Let k(a) = 5*a**3 + 146*a**2 + 305*a + 162. Determine k(-27).
-54
Let n(m) = m**3 + 6*m**2 + 78*m + 284. Give n(-4).
4
Let s(z) = z**3 - 476*z**2 - 22315*z - 1015. Calculate s(519).
23
Let w(s) = -2*s**3 - 974*s**2 + 839*s - 66849. Give w(-488).
7
Let o(j) = -8*j**2 + 10446*j + 73448. Calculate o(-7).
-66
Let g(w) = -8925*w - 17836. What is g(-2)?
14
Let b(h) = 4*h**2 - 6897*h + 54889. Determine b(8).
-31
Let p(x) = -1864*x - 40999. Give p(-22).
9
Let m(z) = -9205*z + 2319638. Calculate m(252).
-22
Let o(l) = -191*l - 3161. What is o(-29)?
2378
Let w(z) = -6*z**2 + 150*z + 116. Calculate w(17).
932
Let u(n) = 2*n**2 - 34378*n + 206187. What is u(6)?
-9
Let x(k) = k**3 + 538*k**2 + 6301*k - 44. Give x(-12).
88
Let t(f) = 5*f**2 + 290*f + 3678. Calculate t(-14).
598
Let x(k) = 42*k**2 - 348*k - 2564. Give x(13).
10
Let h(j) = j**2 - 231822*j + 927276. What is h(4)?
4
Let x(p) = -50*p**3 - 1551*p**2 - 19*p - 10. What is x(-31)?
-382
Let v(q) = -2*q**3 - 20*q**2 + 520*q - 1796. What is v(5)?
54
Let n(s) = -6*s**2 - 109*s - 564. Give n(-10).
-74
Let i(g) = -118*g + 173. Determine i(-13).
1707
Let w(r) = -15*r**3 + 44*r**2 - 24*r + 73. Give w(3).
-8
Let j(f) = 7*f**3 - 189*f**2 + 406*f - 56. What is j(2)?
56
Let p(t) = 129*t - 3248. Give p(22).
-410
Let y(f) = -6*f**3 - 27*f**2 - 56*f - 257. Determine y(-5).
98
Let c(d) = 60143*d - 962293. Determine c(16).
-5
Let l(z) = -605*z - 8777. What is l(-14)?
-307
Let x(w) = -53*w - 492. Calculate x(-2).
-386
Let j(f) = f**2 + 99*f + 1970. Give j(-53).
-468
Let q(k) = -2918*k - 43784. What is q(-15)?
-14
Let n(t) = 929*t + 27937. What is n(-31)?
-862
Let m(s) = -5*s**2 + 2684*s - 82632. What is m(504)?
24
Let m(l) = 213*l - 4842. What is m(18)?
-1008
Let k(h) = -h**3 - 4*h**2 + 71*h + 647. Give k(-8).
335
Let v(s) = -s**2 - 123104*s - 984779. Determine v(-8).
-11
Let p(o) = -2391*o - 466229. What is p(-195)?
16
Let x(j) = -849*j - 447427. Give x(-527).
-4
Let i(t) = 63523*t - 1905707. Determine i(30).
-17
Let r(n) = -14*n**2 + 502*n + 81. Determine r(30).
2541
Let y(m) = 6000*m - 18871. Give y(3).
-871
Let m(q) = q**3 - 269*q**2 + 7173*q - 106. Calculate m(30).
-16
Let t(c) = -7*c**2 - 11*c + 400. What is t(9)?
-266
Let r(x) = -11*x**2 - 263*x - 1542. Calculate r(-11).
20
Let c(w) = -930*w + 144158. Determine c(155).
8
Let c(x) = -3*x**3 - 72*x**2 + 556*x + 551. Calculate c(-30).
71
Let z(q) = q**3 + 220*q**2 - 5481*q - 19. What is z(23)?
2465
Let c(m) = -3*m**3 + 71*m**2 - 23*m - 163. Determine c(23).
366
Let g(h) = 2*h**3 - 81*h**2 - 7225*h + 294548. Determine g(41).
4
Let n(v) = -v**3 - 79*v**2 + 422*v - 293. Calculate n(-84).
-461
Let d(p) = 12*p - 114. What is d(-6)?
-186
Let n(t) = 38017*t + 874413. Determine n(-23).
22
Let w(q) = -2687*q**2 + 475598*q + 158. Determine w(177).
-19
Let g(d) = -d**3 + 343*d**2 - 2346*d - 37. Determine g(7).
5
Let m(l) = 2118377*l - 21183769. Determine m(10).
1
Let w(x) = -x**3 - 298*x**2 + 2794*x + 9494. Give w(-307).
-23
Let s(o) = -o**3 + 10*o**2 - 821*o + 10107. What is s(12)?
-33
Let z(p) = 4*p**2 + 88*p + 578. What is z(-23)?
670
Let k(r) = -r**3 - 46*r**2 - 254*r + 339. What is k(-39)?
-402
Let c(q) = -13491*q + 53887. What is c(4)?
-77
Let r(o) = o**3 + 220*o**2 - 2993*o - 747548. Calculate r(-218).
-26
Let b(d) = 1539*d + 7942. Calculate b(-4).
1786
Let h(q) = 3512*q - 3613. What is h(1)?
-101
Let k(f) = -284*f**3 - 14*f**2 + 171*f + 173. Give k(-1).
272
Let z(t) = 7*t**2 + 487*t - 51937. Give z(58).
-143
Let p(r) = 454*r + 148. Determine p(-1).
-306
Let k(g) = -g**3 - 181*g**2 + 1706*g + 38. What is k(9)?
2
Let c(f) = -13*f**2 + 61*f - 434. Determine c(11).
-1336
Let q(j) = -2*j**2 - 724*j - 19921. Calculate q(-30).
-1
Let n(l) = 3*l**3 - 18*l**2 + 31*l - 178. Determine n(6).
8
Let v(a) = 41*a - 10289. Determine v(251).
2
Let z(d) = 2*d**3 + 7967*d**2 + 15752*d - 353. Give z(-2).
-5
Let h(f) = 29785*f - 9501423. Determine h(319).
-8
Let l(r) = -10581*r + 1798771. What is l(170)?
1
Let q(z) = -20*z**3 - 684*z**2 - 143*z + 251. Calculate q(-34).
489
Let c(a) = -51*a**2 + 3480*a - 823. Give c(68).
-7
Let x(b) = b**3 - 98*b**2 + 983*b + 17069. What is x(23)?
3
Let l(s) = -2*s**3 + 660*s**2 + 19313*s + 948. Give l(-27).
3
Let i(f) = 4902915*f + 49029148. Determine i(-10).
-2
Let g(f) = 2405*f + 959584. Give g(-399).
-11
Let s(n) = n**3 - 118*n**2 + 68*n + 6453. Calculate s(117).
720
Let c(r) = 13*r**3 + 1414*r**2 - 398*r - 7844. Calculate c(-109).
-105
Let g(q) = 41721*q - 1335075. Determine g(32).
-3
Let j(q) = -2*q**2 + 98*q - 440. Give j(5).
0
Let s(c) = 949*c - 139465. Determine s(147).
38
Let c(y) = y**2 - 1039*y + 52239. What is c(53)?
-19
Let q(j) = -j**3 + 55*j**2 + 55*j - 3034. What is q(55)?
-9
Let t(i) = 93*i**2 + 9*i -